 base 16
-a44f3
Convert 129042d (base 15) to base 14.
1abcd83
What is -10430320121 (base 5) in base 4?
-230021132221
Convert 3e7182 (base 15) to base 7.
34406660
What is 30c9a (base 14) in base 10?
117736
What is 102a4a9 (base 11) in base 13?
4b7028
What is 151903 (base 11) in base 12?
b4b73
1191275 (base 11) to base 4
13320121310
What is 79435 (base 13) in base 8?
656404
What is -1f82 (base 16) in base 15?
-25cb
What is 1135331002 (base 6) in base 11?
7292310
-3880514 (base 9) to base 5
-1020311441
What is -3414124 (base 5) in base 10?
-60539
164111 (base 11) to base 12
103242
102200210022 (base 3) to base 11
147a62
Convert 117e74 (base 15) to base 11.
521844
-110011011100010001 (base 2) to base 13
-74ba1
What is -113111232 (base 5) in base 15?
-a3e2c
100010011011101101100 (base 2) to base 12
464b50
Convert -108a471 (base 11) to base 3.
-10120122211020
-1de0c4 (base 16) to base 2
-111011110000011000100
Convert -100010100100000110 (base 2) to base 16.
-22906
What is 594500 (base 10) in base 11?
376725
What is -26ae0d (base 16) in base 11?
-1481588
-11271231 (base 8) to base 5
-1112013134
Convert -19e4f (base 16) to base 11.
-72761
-135369 (base 11) to base 10
-212067
What is 70444351 (base 8) in base 4?
320210203221
-115124041 (base 6) to base 7
-24506626
156463642 (base 7) to base 15
e0bd67
-3034243 (base 6) to base 16
-235b3
-10210121012 (base 3) to base 12
-3734b
Convert -153636 (base 8) to base 14.
-1618a
Convert 123300311 (base 4) to base 9.
182882
-30501 (base 8) to base 10
-12609
Convert -58014 (base 15) to base 14.
-74144
-2533550 (base 10) to base 3
-11202201101012
What is -209617 (base 10) in base 4?
-303023101
What is 51558 (base 9) in base 10?
33992
Convert -3c28a (base 14) to base 8.
-442322
-3333112240 (base 5) to base 4
-123322101122
Convert -51614a1 (base 11) to base 4.
-202233302110
What is 18916c (base 14) in base 9?
1565542
34d311 (base 14) to base 4
12320102103
Convert 32723577 (base 8) to base 2.
11010111010011101111111
What is 144116363 (base 7) in base 6?
540413415
124535 (base 8) to base 16
a95d
Convert -231210 (base 5) to base 14.
-3053
43270 (base 9) to base 14
a62c
What is -4026d (base 16) in base 9?
-440401
What is -74306 (base 9) in base 3?
-2111100020
What is -907a65 (base 13) in base 16?
-334045
Convert 4219 (base 16) to base 8.
41031
Convert -106485 (base 13) to base 6.
-12131340
What is 4968a0 (base 12) in base 6?
41325520
Convert 341340 (base 14) to base 7.
21022610
Convert -1512132 (base 7) to base 15.
-40a63
What is 2041a (base 15) in base 3?
12012011021
20b99 (base 14) to base 4
103110103
10a94b (base 13) to base 7
3233105
a9e30 (base 15) to base 9
1012440
Convert 1233441011 (base 5) to base 16.
2e3ee4
14ddb1 (base 16) to base 6
45150521
What is -31123333 (base 4) in base 7?
-316315
Convert 10210002220 (base 3) to base 8.
221304
Convert 19534b9 (base 12) to base 4.
110112200031
What is 147279 (base 10) in base 14?
3b95d
What is -100c536 (base 13) in base 5?
-2220312223
Convert -201111111212 (base 3) to base 6.
-12120552
What is -21442421 (base 5) in base 11?
-118745
What is -1a503b2 (base 12) in base 5?
-2412003200
What is -68a4a (base 11) in base 3?
-12001211202
Convert -108d4bd (base 15) to base 6.
-1101441254
-1b15906 (base 13) to base 3
-121211210222110
84792 (base 12) to base 7
1323023
What is -10001110000011000 (base 2) in base 12?
-36108
What is -10234141 (base 5) in base 16?
-1530c
What is -1010110011 (base 2) in base 3?
-221121
Convert -597383 (base 10) to base 4.
-2101312013
Convert -220023110 (base 4) to base 15.
-33b5e
Convert 8593a (base 12) to base 5.
21111440
11423413 (base 5) to base 9
174111
What is 112002110101121 (base 3) in base 4?
130210100332
What is -57301a (base 13) in base 11?
-1189a70
Convert 716374 (base 12) to base 4.
12300332020
Convert 24220214 (base 5) to base 15.
470c4
Convert -919e5 (base 15) to base 6.
-13515212
Convert -4317127 (base 10) to base 14.
-805423
What is 30312201 (base 4) in base 11?
36606
216702 (base 8) to base 9
121312
What is 1144445 (base 7) in base 13?
513b9
Convert -5a33199 (base 12) to base 7.
-301425165
What is -20021222002222 (base 3) in base 12?
-1154045
What is 11001010101111100 (base 2) in base 12?
500a4
Convert 3213001212 (base 4) to base 11.
596a53
1223242040 (base 5) to base 16
2cf5d8
Convert -21155 (base 7) to base 10.
-5234
Convert 50d31 (base 14) to base 11.
123294
Convert 400717 (base 8) to base 2.
100000000111001111
What is -1d7cc8 (base 15) in base 8?
-5404255
172245 (base 8) to base 4
33102211
274537 (base 8) to base 11
66645
-5824553 (base 10) to base 8
-26160051
What is 5003260 (base 8) in base 2?
101000000011010110000
Convert 468466 (base 9) to base 2.
1000100110010110010
What is 12010010221000 (base 3) in base 4?
22113312030
Convert 167341a (base 11) to base 7.
33116013
Convert -cccc9 (base 16) to base 6.
-25551333
Convert -11222125 (base 7) to base 11.
-60a619
What is -3032434021 (base 5) in base 7?
-103121354
What is 7e7211 (base 15) in base 12?
203832a
21003213 (base 4) to base 3
1212212220
-92871 (base 13) to base 14
-6bb39
-10001111110101001 (base 2) to base 13
-27699
-11001011011001000 (base 2) to base 7
-612414
1111100011101100 (base 2) to base 8
174354
Convert 1063944 (base 10) to base 14.
1d9a40
-1010010101011010 (base 2) to base 15
-c820
-4332132031 (base 5) to base 9
-18365748
Convert -13127 (base 16) to base 13.
-29732
1100103102 (base 4) to base 9
551160
Convert -1d9afb (base 16) to base 9.
-3576428
Convert -1201020212212 (base 3) to base 14.
-199b12
e3302 (base 16) to base 5
214234222
Convert 11403401 (base 5) to base 8.
320346
What is -1100010010111110100010 (base 2) in base 9?
-6052670
Convert 708722 (base 10) to base 7.
6011150
What is -21002122201 (base 4) in base 14?
-459597
143032505 (base 6) to base 9
5476155
Convert 14014433 (base 6) to base 8.
1623625
Convert -61000 (base 11) to base 5.
-10323202
110000112122 (base 3) to base 13
838c4
What is 100200111210002 (base 3) in base 7?
61515506
19876 (base 14) to base 4
33310100
-28342 (base 10) to base 13
-cb92
Convert -10100101111110010011101 (base 2) to base 3.
-101020022101102
What is -1012250 (base 8) in base 13?
-94959
What is -1010011010110 (base 2) in base 8?
-12326
-c4c3 (base 16) to base 6
-1025111
What is -1053677 (base 8) in base 10?
-284607
Convert 1122021013 (base 4) to base 15.
745ed
Convert 516367 (base 11) to base 15.
115663
What is -326a706 (base 12) in base 14?
-13bbd0a
533553 (base 7) to base 5
10430200
-373655 (base 8) to base 5
-13111231
What is -112331211023 (base 4) in base 15?
-7dd7d8
What is 80731a0 (base 11) in base 12?
4947513
Convert 18cc040 (base 13) to base 7.
126261313
-17100641 (base 8) to base 9
-7413378
-42220330 (base 6) to base 8
-4544736
What is -215253 (base 8) in base 4?
-101222223
What is -a87747 (base 15) in base 13?
-187c351
23650546 (base 7) to base 4
20003322013
What is -82a0 (base 12) in base 10?
-14232
What is -417595 (base 10) in base 11?
-265822
14542c9 (base 13) to base 9
13142037
What is 4585d1 (base 14) in base 7?
26054251
Convert -1416273 (base 8) to base 10.
-400571
-252551 (base 11) to base 14
-a53b8
134105 (base 10) to base 4
200233121
Convert 1464e (base 16) to base 12.
40412
408264 (base 9) to base 10
242248
Convert -4551140 (base 6) to base 5.
-24413020
17d390 (base 16) to base 15
20c9e3
What is -409337 (base 12) in base 4?
-3312322123
Convert 1111101101000011101010 (base 2) to base 13.
b11a34
-21a32 (base 14) to base 3
-11010220111
-34645 (base 13) to base 4
-113110312
1053323 (base 6) to base 10
53907
Convert 11112220211 (base 4) to base 2.
101010110101000100101
What is -654a87 (base 13) in base 9?
-4428284
What is -114110 (base 10) in base 13?
-3cc29
Convert -2870481 (base 10) to base 15.
-3ba7a6
Convert -12373 (base 16) to base 10.
-74611
Convert -b9c66 (base 14) to base 16.
-6dcb2
Convert -1c39160 (base 13) to base 7.
-142540226
-101122 (base 9) to base 16
-e9e7
What is 6302132 (base 7) in base 3?
1102110111202
Convert -313192 (base 10) to base 8.
-1143550
Convert 20624604 (base 7) to base 16.
1ac520
23ac9 (base 16) to base 15
2d466
Convert -67613 (base 13) to base 14.
-4c607
8120311 (base 9) to base 4
100133221300
What is -2298e5 (base 15) in base 4?
-12103122212
What is 9766d (base 15) in base 11?
2a9